- 2537 = 2703, -5*c = d - 1030. What is the hundreds digit of d?
0
Let c = 8 - 4. What is the tens digit of (-4956)/(-60) - c/(-10)?
8
Let o = 20 - 15. Suppose 0 = 3*d - 3*v - 177, -239 = -o*d + 2*v + 65. What is the tens digit of d?
6
What is the hundreds digit of 1260/2*7/112*8?
3
What is the hundreds digit of (-263 + 1)*(30/20 - 5)?
9
Let n(s) = s**3 + 2*s**2 - 5*s - 1. Suppose 4 = -2*c - 6. Let b be n(c). Let z = -36 - b. What is the tens digit of z?
1
Suppose 0 = 21*s - 17*s - 32. What is the tens digit of -30*26/13*(-6)/s?
4
Suppose -6*x = -16 + 4. Suppose 6*d - x*d - 612 = 0. What is the tens digit of d?
5
Suppose -7*a = -2*a - 4*r - 3058, 0 = a - 4*r - 602. Suppose -5*l = -5*t - 126 - a, 5*l - 744 = 3*t. What is the units digit of l?
0
Suppose -3*y + 3966 = -r + 6*r, -r = -3*y - 786. What is the hundreds digit of r?
7
Let h = 11 + -17. Let l be 6/(-15) - h/(-10). What is the tens digit of l*(-60)/(-1 - -4)?
2
Let v be (4 - 1)/((-3)/(-2)). Suppose 3*f + 2*i = 5 + 4, v*f - i + 1 = 0. What is the units digit of f?
1
Let q(d) = -9*d - 10. Let j be q(5). What is the units digit of 0/((-6)/2) - j?
5
Let j(n) = -30*n**2 - n + 6. Let b(u) = -3*u - 3. Let a be b(-3). Let s(p) = -p**2 + 1. Let c(x) = a*s(x) - j(x). What is the tens digit of c(1)?
2
Let m(h) = 67*h**3 - 1. Let f be m(1). Suppose -2*z = 2*a + 44, -7*a + 5*z - 90 = -2*a. Let v = f + a. What is the tens digit of v?
4
Let p(m) = 119*m**2 + 1. What is the tens digit of p(-2)?
7
Let j = 944 - 291. What is the tens digit of j?
5
Let u(p) = -p**2 - 16*p + 23. Let q be u(-17). Suppose -47 = -t + o, -3*o + q*o - 202 = -4*t. What is the tens digit of t?
4
Let b(q) = q**3 + 6*q**2 - q - 4. Let a be b(-6). Suppose -146 = -2*v - 4*g, 0*g + a*g + 69 = v. What is the tens digit of v?
7
Let u(f) = 2*f**2 + 2*f - 2. Let r be u(-2). Let l(v) = -3*v + 66. Let i be l(21). Suppose i*c + r*c - 50 = 0. What is the tens digit of c?
1
Suppose 2*a - 6*a = o - 50, 3*a = 12. What is the tens digit of (-1)/(o/(-8870)) - (-8)/68?
6
Let w(s) = -15*s - 5. Let x(v) = -7*v - 3. Let n = -10 - -15. Let g(z) = n*x(z) - 2*w(z). What is the units digit of g(-2)?
5
Let v(g) = 2*g**2. Let l(q) = -q**2 - 4*q + 6. Let y(i) = -2*i**2 - 2*i - 1. Let j be y(-2). Let f be l(j). What is the units digit of v(f)?
2
Let s = 16 + -10. Let q(c) = c**2 - 8*c. Let v be q(s). What is the units digit of (6/v)/((-1)/24)?
2
Let w(h) = 22*h**2 - 41*h - 151. What is the thousands digit of w(-9)?
2
Let a be -2 - (-1)/2*-2. Let h(n) = n**2 + n - 1. Let r be h(a). Suppose 0 = r*f + 2*s - 78 - 26, 5*s = -4*f + 73. What is the tens digit of f?
2
Let y(o) be the third derivative of o**5/60 - o**4/3 + o**3/6 - 3*o**2. Let x be y(7). Let m(q) = -7*q - 9. What is the units digit of m(x)?
3
Suppose -18*y - 22412 = -70*y. What is the units digit of y?
1
Let h(y) = 7 + 0 + 2*y**2 + 3*y - 4 - 1. Let q be h(-4). What is the units digit of 2 + q + 0/1?
4
Let w(j) = j**2 + j - 3. Let v(d) = -d**2 + 3*d + 11. Let l(h) = -2*h + 6. Let k be l(0). Let n be v(k). What is the tens digit of w(n)?
3
Suppose 14*q + 24 = 6*q. What is the tens digit of (51 - q)*(-2)/(-4)?
2
Let u be -2 + ((-2)/(-4))/(1/14). Suppose 9*l = u*l + 464. What is the tens digit of l?
1
Let n = 1238 + -679. What is the tens digit of n?
5
Let r be 7/((-63)/(-30))*-3. Let t = 14 + r. What is the units digit of 450/(-12)*t/(-6)?
5
Let w(x) = -2*x + 5 + 2*x**2 + 5*x - x**2 - 9. Let u be w(-4). Suppose i - 4*i + 45 = u. What is the tens digit of i?
1
Suppose 19*c - 1012 = 4783. What is the units digit of c?
5
Let c(t) = -t**2. Let k(l) = -l**3 + 8*l**2 + 2*l + 2. Let i(o) = 5*c(o) + k(o). Let u be 24/(-14) + 2/(-7). What is the tens digit of i(u)?
1
Suppose -4*f + 1070 = 2*r, 5*f + 1034 = 2*r - 0*r. What is the hundreds digit of r?
5
Suppose 851 = 2*s - 3*a + 2*a, 1260 = 3*s + 4*a. What is the units digit of s?
4
Suppose -2*y + 5 - 1 = 0. Suppose 4*b + 18 = -s, 6*s + y*b = s - 18. What is the tens digit of s/(-7) - 3000/(-84)?
3
Suppose -4*f = z - 4361, -3*z = -2*f - 663 + 2854. What is the hundreds digit of f?
0
Let x be 3/(9/(-6))*-17. Let l = x + -18. Suppose -3*w - w = -l. What is the units digit of w?
4
Let c(o) = -2*o + 11. Suppose 0 = -6*h + h - 25. What is the units digit of c(h)?
1
Suppose -5*k + 40 = -7*k. Let n be k/70 - 2496/(-14). Let m = -110 + n. What is the tens digit of m?
6
What is the thousands digit of -3701*(0 + 0 + -1) + -3?
3
Suppose -c - 2*c - 15 = 0, 5*c = -2*k + 23. What is the hundreds digit of (k/(-15))/((-14)/2485)?
2
Let o = -30 + 32. Suppose -4*p - 2*m + 361 = 3*m, -346 = -4*p - o*m. What is the tens digit of p?
8
Suppose 1 = 5*h + 6, h - 39 = 5*c. Let l = c + 10. What is the units digit of 35 - -4 - (l + 1)?
6
Suppose 4*n + x = 4, 2*x - 1 + 9 = 0. Let t(d) = -33*d. Let h be t(1). What is the units digit of (1 - h - n) + -1?
1
Let t(c) = c**2 + c + 9. Let b be t(8). Suppose -259 = -2*k - b. What is the units digit of k?
9
Suppose 5*d - 692 = -2*p + d, -342 = -p - 4*d. Let n = p - 212. What is the tens digit of n?
3
Let o(q) = -4*q - 1. Let p be o(-1). Suppose 16*r = 24*r - 16. Suppose 0 = -p*l + l + 2*i + 56, r*l - 47 = -i. What is the units digit of l?
5
Let p(i) be the second derivative of -i**5/20 + 2*i**3/3 + 5*i**2/2 + i. Let d be p(-4). What is the tens digit of d - (8/(-2) + 4)?
5
What is the tens digit of 62781/68 - (-1 - (-10)/8)?
2
Let f = 784 + -431. Let h = f - 206. What is the tens digit of h?
4
Suppose -2*n = -y - 15, -5*n + 36 = -3*y - 0*y. Suppose 3*p + n + 3 = 0. What is the tens digit of p + (-4 - -49 - 1)?
4
Suppose -88 = -8*g + 152. What is the tens digit of g?
3
Let x(o) = 11*o**2 + 19. Let v be x(-5). Let a = v - 188. What is the hundreds digit of a?
1
Suppose -3*r + 1132 = -q, 0 = -3*r + q + q + 1136. What is the units digit of r?
6
Suppose 0 = -f - 5*k + 275, 5*k - 24 = 5*f - 1489. What is the units digit of f?
0
Let j(z) = z**2 - z + 10. Let o(x) = 4*x**2 - 4*x + 29. Let t(l) = -7*j(l) + 2*o(l). What is the units digit of t(-6)?
0
Suppose -r + 74 = 19*w - 15*w, -4*w + 3*r + 66 = 0. What is the units digit of w?
8
Let x = 124 - 228. Let a = x + 243. What is the units digit of a?
9
Let d = -239 + 574. What is the hundreds digit of d?
3
Let l be (2/(-12))/(2/(-12)). Suppose 7 = 3*k + l. What is the tens digit of 52/((5 - k) + -1)?
2
What is the thousands digit of ((-24)/(-18) - 11742/(-9))*1?
1
Suppose -14*k + 414 = 4*k. Suppose 2*t = 4*t - 76. Suppose -3*f + k = 2*n, f - t = -3*f + n. What is the units digit of f?
9
Let a(w) = 4*w**2 + 2*w - 2. Let d(p) = p - 1. Let q(s) = a(s) - 3*d(s). What is the tens digit of q(-3)?
4
Let q = -12 + -57. Let c = 13 - q. What is the tens digit of c?
8
Suppose -46 = -4*l + 1074. Let p = 471 - l. What is the units digit of p?
1
Let j = 35 - -20. What is the units digit of j?
5
Suppose -5*c = -6103 + 128. What is the thousands digit of c?
1
Let k(z) = -92*z - 2. Let j be k(-1). Suppose -6*v + v = j. What is the tens digit of ((-60)/v)/((-2)/(-6))?
1
Suppose 17*l - 20*l = -1383. What is the hundreds digit of l?
4
Let k be (-8)/((-8)/2) + 2. Let r = k - 2. Suppose r*p - 6 = -3*w + 11, -1 = -w. What is the units digit of p?
7
Suppose 0 = 5*a - 5*w + 8 + 2, -4*a + 3*w = 12. Let x = 282 + a. What is the hundreds digit of x?
2
Let r = 79 + -65. What is the tens digit of 1 + r*5 + -2?
6
Let t = 279 + -58. What is the tens digit of t?
2
Let b be 3*(4 + 0 + -3). Suppose 53 = b*y - x, -3*x = -3*y - 14 + 77. What is the units digit of y?
6
Let g = -1 - 2. Let i be (-6)/(g/24*6). Suppose x - 24 = -i. What is the units digit of x?
6
Let p(q) = 5*q**2 - 23*q + 2. What is the units digit of p(5)?
2
Suppose -13 = -4*d + 19. Suppose 2*c = -d - 148. Let l = c - -118. What is the units digit of l?
0
Let d = 0 + 1. Suppose 5*t - 9 - d = 0. Suppose 0 = t*c - 0*c - 110. What is the units digit of c?
5
Let n = 1792 - 921. What is the hundreds digit of n?
8
Let i = 12 + -12. Suppose 4*g - 21 - 363 = i. What is the tens digit of g?
9
Let x(v) = v + 5. Let b be x(5). Let s = b - 18. What is the units digit of (30/s)/(3/(-12))?
5
Let y(x) = 42*x**2 - 8*x - 4. Let l be y(-3). Let b = l + -217. What is the tens digit of b?
8
Suppose 557 - 83 = 3*q. Suppose -m = -4*y + 310, 2*m = -2*y + 4*m + q. Suppose 5*t - 3*u = -y + 197, -4*t + 4*u